7?
21
Let p be (9 + -225)*2/(-4). Suppose -60 = -6*n + n. Calculate the highest common factor of p and n.
12
Suppose 20 = 2*b - 5*p, b - 2*p - 6 - 3 = 0. Let l(k) = 5*k**2 - 6*k + 5. Let f be l(b). Calculate the greatest common divisor of f and 40.
20
Let b = 36 + 49. Suppose -3*l - 2*l = -250. Let o = l - 33. What is the greatest common divisor of o and b?
17
Suppose 10*w - 15*w + 1265 = 0. What is the greatest common divisor of w and 23?
23
Suppose c + 3*h - 12 = 0, -5*h - 19 = -c - h. Let a(p) = p**2 + 6. Let v be a(-3). Calculate the highest common factor of v and c.
15
Let y be 4/(-24) + (-2)/(-12). Suppose -2*x + g + 39 = -y*x, -27 = -x - 2*g. Suppose -4*f + f = -x. What is the highest common divisor of 49 and f?
7
Suppose -4*l - z + 1 = -46, -5*l + 85 = -4*z. Calculate the greatest common divisor of l and 143.
13
Let s be 4 + 3 + -6 + 29. Calculate the highest common factor of 10 and s.
10
Suppose 0 = -2*n - n + 33. Let c be ((-22)/(-8))/((-1)/(-20)). Calculate the greatest common divisor of c and n.
11
Let z be 36/(3 + 3 - 4). Calculate the greatest common factor of 27 and z.
9
Suppose -3*c = -7*m + 2*m + 510, -m - 4*c = -125. What is the highest common divisor of 21 and m?
21
Let h be 16 - (-6)/(5 + -3). Let c(j) = 2*j**2 - 2*j - 5. Let t be c(4). Calculate the highest common factor of t and h.
19
Let w(c) = 5*c**2 - 2*c - 1. Suppose -5*r = -5, -5*r + 3 + 6 = 2*b. Let n be w(b). Calculate the highest common divisor of n and 6.
3
Let y be -3 - (2 - (-18)/(-2)). Suppose -k + y = 2. Calculate the greatest common factor of 2 and k.
2
Suppose 17 = 5*x - 13. Let f(v) = -v**3 - 6*v**2 - 4*v - 6. Let w be f(-6). What is the highest common factor of x and w?
6
Suppose -3*o - 4*m + 3 = 0, -4*o - m + 4 = -0. Calculate the greatest common factor of 1 and o.
1
Suppose f = 6 - 1. Let q be f - 7 - (-1 + -1). Suppose -5*x + 8 + 2 = q. Calculate the greatest common factor of x and 18.
2
Let d = -28 - -16. Let i be (-2)/8 + (-1587)/d. What is the highest common divisor of 12 and i?
12
Let h = 25 - -7. What is the greatest common factor of 4 and h?
4
Let a(x) = -3*x + 50. Let g be a(0). What is the greatest common divisor of g and 10?
10
Let r = 26 - -2. What is the greatest common factor of 28 and r?
28
Suppose 4*d + g = -3*g + 104, -86 = -4*d + 5*g. Calculate the highest common factor of 36 and d.
12
Let d be 382/(-6) - (-4)/6. Let x = d + 94. Suppose -2*s + x = -95. What is the highest common factor of 7 and s?
7
Let a = -75 - -270. What is the greatest common factor of 15 and a?
15
Suppose 0 = -4*n - 5*q + 1 - 2, 4*n + 4*q = 0. Let h be (11 + -2)*n/1. Calculate the highest common factor of 72 and h.
9
Let f be (99/2)/((-2)/(-4)). Suppose 0 = 3*u + 5 + 1, -4*u = -r + 8. Let n = 9 + r. What is the highest common factor of n and f?
9
Suppose -j = 10 - 113. Suppose -g + l = -l + j, -5 = 5*l. Let k be g/2*(-12)/7. What is the highest common divisor of k and 36?
18
Suppose 0 = -5*f + 4*a + 76, 3*a = 5*f - 52 - 20. What is the highest common factor of 18 and f?
6
Suppose -3*p = p + 2*k - 10, -3*p - k = -6. Let o be 2/2*-5 + 1. Let u = o - -6. Calculate the greatest common divisor of p and u.
1
Let a = -206 + 398. Suppose -4*l + 0*l = -a. What is the greatest common divisor of 72 and l?
24
Let m(p) = 200*p**2 + 2*p - 2. Let t be m(1). What is the greatest common factor of t and 25?
25
Let m(c) = c**3 - 6*c**2 - 5*c - 8. Let s be m(7). Let n = 149 - 83. Calculate the greatest common factor of n and s.
6
Let h(p) = p**2 + 6*p - 5. Let s be h(-5). Let f = -109 + 21. Let c be (f/s)/(3/60). What is the greatest common divisor of 16 and c?
16
Suppose 2*m + 24 = 4*o, 0 = 3*o - m + 2*m - 18. Let n(i) = 0 - 1 + 8*i - 14*i - 5. Let d be n(-8). What is the greatest common divisor of o and d?
6
Let f(m) = -33*m**2 - 3*m - 2. Let d(s) = 49*s**2 + 5*s + 3. Let b(o) = -5*d(o) - 8*f(o). Let p be b(1). Calculate the greatest common divisor of 171 and p.
19
Let w(v) = 3*v - 17. Let t be w(7). Suppose -2*h + 95 - 39 = 0. Suppose -2*r + h = -r. What is the greatest common divisor of r and t?
4
Suppose 4*m - 79 = -15. Suppose 10*b - 5*b - 400 = u, -400 = -5*b - u. Suppose -2*f - 3*f = -b. Calculate the highest common divisor of f and m.
16
Suppose 2*c - 702 = -c. What is the greatest common factor of c and 26?
26
Let x be -1 + (-5)/(3/(-14 + -1)). What is the greatest common factor of 8 and x?
8
Let f = -7 + 31. Let b be (-6)/27 - 497/(-9). Let a = -19 + b. What is the greatest common factor of f and a?
12
Let p(j) = 10*j**2 + 2*j + 1. Let r = -8 + 7. Let b be p(r). What is the highest common factor of b and 18?
9
Let s be (-6)/15 + (-32)/(-5). Suppose s*l - 4*l = 102. Suppose 4*q - 13 = q + 2*c, 5*q + 4*c = l. What is the highest common divisor of q and 49?
7
Suppose -15 = -r + 21. Suppose 24 = 2*g - r. Calculate the highest common factor of 15 and g.
15
Let g = 58 - 34. Calculate the greatest common factor of 72 and g.
24
Suppose o - 2*o + 5 = 0. Let q(m) = 4*m - 6. Let i(c) = -1. Let t(p) = -4*i(p) + q(p). Let l be t(o). What is the greatest common divisor of l and 90?
18
Let k(y) = y**2 - 6*y - 7. Let a be k(6). Let s be 2/a + (-390)/(-42). Let q = 16 - 7. Calculate the highest common divisor of s and q.
9
Let w = -13 + 25. Suppose -w + 5 = -g. Calculate the highest common factor of g and 77.
7
Let w be ((-77)/21)/(2/(-6)). What is the highest common factor of 44 and w?
11
Let y = 35 + 11. Calculate the greatest common factor of y and 69.
23
Let p(n) = n**2 + n + 17. Let w be p(0). Suppose -3 = -4*r + w. Suppose -a + 38 = r*u - 32, 10 = 2*a. What is the greatest common divisor of u and 65?
13
Let y be (3 + 2)/(1/8). Calculate the highest common divisor of 30 and y.
10
Suppose 84 = 5*c - 51. Suppose 4 = 3*b - 5. What is the greatest common divisor of c and b?
3
Suppose -17 = b + o, 4*b - 2*b + 5*o + 40 = 0. Let q = 39 + b. Calculate the greatest common factor of 36 and q.
12
Let f(m) = -2*m**2 + 3*m + 7. Let g be f(0). Calculate the highest common factor of 28 and g.
7
Suppose 72 = -3*v + 5*v. What is the highest common divisor of 54 and v?
18
Suppose 2*j - j - 1 = 0. Let h = j + -2. Let v be (231/(-6))/(h/2). What is the greatest common factor of v and 7?
7
Let w(p) = 7*p - 105. Let d be w(17). Let k be (-2 - 1)*(-196)/6. Calculate the greatest common divisor of k and d.
14
Suppose -3*k - 3*r = -36, 2*k - 29 = -k + 4*r. Calculate the highest common factor of k and 88.
11
Suppose 5*t - 240 = -t. Let g = 20 + t. What is the highest common factor of 12 and g?
12
Suppose 51 = 2*n + i, 0 = n + 4*i + 10 - 53. Let l = -16 + n. Calculate the greatest common factor of 14 and l.
7
Let n(q) = q**2 + q + 6. Suppose -1 = 2*l + 3, -5*l + 20 = -3*w. Let m be n(w). What is the highest common factor of 12 and m?
12
Let h = 0 - -2. Suppose -4*x - 6 = -2*i, -x + 4*i + h = 14. Let c be -12*((-4 - -3) + x). Calculate the highest common divisor of 48 and c.
12
Suppose 144 - 222 = -26*q. Let w be 10 + -1 + 0 + 0. What is the highest common factor of w and q?
3
Suppose -3*j - 6 + 5 = -2*q, 5*q - 10 = 0. Let l be 16 - (j + 3 + -2). Let r = 62 - 34. Calculate the greatest common factor of l and r.
14
Suppose 3*h + 2*s = 118, -5*s - 146 = -3*h - 0*s. What is the highest common divisor of 6 and h?
6
Suppose -1 = -x + 2. Suppose -x*b + 16 = -b. Let m = 21 + -9. Calculate the highest common factor of m and b.
4
Let b = -12 - -72. Suppose 3*j - 4*s = -3*s + 60, 4*s - 40 = -2*j. Suppose 0 = -4*k + 68 - j. What is the greatest common divisor of k and b?
12
Suppose -2*o + 8 - 26 = 0. Let y = o + 20. What is the highest common factor of 33 and y?
11
Let y(f) = 2*f**2 - 4*f + 2. Let h be y(7). What is the highest common divisor of 9 and h?
9
Let l be 14/3 - 2/(-6). Let k = 40 - l. What is the greatest common factor of 14 and k?
7
Let b be 13 - 4/((-4)/2). Suppose 45 = 4*r - r. Calculate the greatest common factor of r and b.
15
Let s(j) = 7*j**2 - j - 1. Let y be s(-1). Suppose -3*f = -f + 46. Let o = 5 - f. What is the greatest common factor of o and y?
7
Let l(w) = -w + 7. Let t be l(5). Let d = 57 + -49. What is the greatest common divisor of t and d?
2
Suppose 2*l + 90 = -l. Let k = -18 - l. Calculate the highest common divisor of 6 and k.
6
Let q(j) = -6*j**3 - 2*j**2 + j + 2. Let w be q(-1). What i